 is divided by b?
6
Suppose 2*p + 3*p = 270. Suppose 14*i - 28 - 770 = 0. Suppose 77 = 64*r - i*r. Calculate the remainder when p is divided by r.
10
Calculate the remainder when 2324 is divided by (-38 + (7 - -6))*-1*1.
24
Suppose 20 = -5*z, 10 + 64 = 3*k - 2*z. What is the remainder when 1208 is divided by k?
20
Suppose 63156 = 4*d - 4*u, 22351 = d + 5*u + 6514. What is the remainder when d is divided by 20?
17
Let l = -285 + 290. What is the remainder when ((-129)/6 + l)*-8 is divided by 7?
6
Suppose -5*p = -2*l + 27, 0 = -5*p - 5*l + l - 51. Calculate the remainder when 60*(-5 - (p + 1)) is divided by 38.
22
Let h = 324 + -308. Suppose -4*x + 234 = 2*x. What is the remainder when x is divided by h?
7
Let d = 73 - -99. Let b = 251 - d. What is the remainder when b is divided by 17?
11
Suppose 32*f = 34*f + y - 106, -3*y = -5*f + 276. Calculate the remainder when 413 is divided by f.
35
Calculate the remainder when (-1)/(((-2)/(-4))/(4*749/(-8))) is divided by (-302)/(-4) - 4*(-3)/(-24).
74
Suppose 98*d - 210*d = -95*d - 816. What is the remainder when 669 is divided by d?
45
Let v = -11580 + 14038. Calculate the remainder when v is divided by 123.
121
Suppose 14*o + 4*o = 0. Suppose 11*j + 29 - 315 = o. Calculate the remainder when 570 is divided by j.
24
Let u be 2 - (2 - 4) - 1 - -1. Suppose 2*v - 3*v = u*t - 91, 5*v = -t - 1. What is the remainder when 95 is divided by t?
23
Suppose -22*h + 3*g - 215 = -23*h, -585 = -3*h + g. Calculate the remainder when 2769 is divided by h.
11
Suppose 237*u = 232*u + 9*x + 227, u + 4*x = 28. Suppose -3*q + 2 + 7 = 0. Suppose -60 = -i - q*i. Calculate the remainder when u is divided by i.
10
Let r be (-10784)/48 + (-2)/6. Let m be (4/6)/(30/r). What is the remainder when 66 is divided by (m + -331)/8*1/(-3)?
10
Let t(k) = -k + 40. Let z be t(29). Suppose -8*l + n - 41 = -z*l, 0 = -5*l - 3*n + 75. What is the remainder when 26 is divided by l?
2
Let a(j) = j**3 - 10*j**2 + 3*j - 22. Let w be a(10). Suppose -5*k = -3*u - 91, -k - 7*u + 19 = -w*u. What is the remainder when 28 is divided by k?
11
Let j be (5 - 6)*-6 - (1 + -1). Calculate the remainder when 43 is divided by (126/189)/(1/j).
3
Suppose -432 = -4*m - 44. What is the remainder when m is divided by (-8)/(-10)*1925/70?
9
Let m be 12/((-3)/(-1))*2. Suppose -7 - m = -3*c. What is the remainder when 29 is divided by ((-1)/2)/((-2)/12) + c?
5
What is the remainder when (24/10)/(1/10) is divided by -2 + (-22)/55*-15 + -14 + 19?
6
Suppose 0 = 7*w + 27*w - 612. Calculate the remainder when 698 is divided by w.
14
Let g(j) = -77*j - 1119. What is the remainder when 776 is divided by g(-15)?
20
Suppose -25*x + 29*x = 21*x - 476. What is the remainder when 4927 is divided by x?
27
Suppose -201*q + 1383 = -198*q. Let k = q - 374. What is the remainder when k is divided by 23?
18
Suppose -6573*v + 6592*v = 627. Calculate the remainder when 636 is divided by v.
9
Let v = -4486 + 4934. Let w(c) = -101*c + 4. Let l be w(3). Let q = l + v. Calculate the remainder when q is divided by 38.
35
Let k be (22/(-4) - -5)*(-68)/2. Calculate the remainder when 72 is divided by (-264)/(-14) + 3/(k - -4).
15
Suppose -99 = 15*a - 669. Let v be (-39)/(-15) + 2/5. Suppose -j + 2*x + a = -x, v*x = -12. Calculate the remainder when 59 is divided by j.
7
Let n(t) = 2*t**2 + 167*t + 1854. What is the remainder when 6083 is divided by n(-13)?
14
Let y(n) = -35*n**3 + 352*n**2 - 14*n - 34. What is the remainder when 141 is divided by y(10)?
11
Let w = -21018 - -21045. What is the remainder when 2 + (1 - -98) - 1 is divided by w?
19
Let d(a) = a**2 - 9*a + 38. Let z = -18 + 21. Suppose 4*w + 280 = 4*v, -v + z*w - 342 = -6*v. Calculate the remainder when v is divided by d(7).
21
Let j = -17541 + 19230. What is the remainder when j is divided by 18?
15
Suppose -393 = -3*v - j, -4*v + 3*j = 83 - 581. Let z = 14 + -8. What is the remainder when v is divided by z?
3
Suppose 10407 + 4815 = 118*d. Calculate the remainder when 630 is divided by d.
114
Suppose 2*d = 12*t - 8*t - 48, 2*t - 3*d = 32. Suppose -2*n + 24 = -4*q, 4*q + 10 = -2. Suppose w - n*w = -175. What is the remainder when w is divided by t?
5
Let p(w) = 2*w**2 - 7*w + 1. Let z be p(3). Suppose 2*l + 3*v - 110 = -v, 3*v = -3*l + 171. What is the remainder when l is divided by 31/2 + 1/z?
14
Suppose 26*l - 17156 = -54*l - 36. What is the remainder when 11341 is divided by l?
213
Suppose 5*q = 3*w + 4, 2*q - 9 = -2*w - 1. Suppose -w*g = r + 2*g - 74, 2*g + 458 = 5*r. What is the remainder when r is divided by 30?
0
Suppose -6*k = k. Suppose k = 44*z - 47*z + 45. Let x(l) = 25*l**2 + 1. What is the remainder when x(-1) is divided by z?
11
Let v(t) = -15*t + 303. Suppose 0 = 58*f - 57*f - 17. Calculate the remainder when (-1)/(-3) - 716/(-3) is divided by v(f).
47
Let f = 3203 - 3166. Calculate the remainder when 1553 is divided by f.
36
Let m(y) be the first derivative of y**3/3 + 3*y**2/2 - 3*y + 27. Let c be m(-7). Suppose 24*d - c*d + 33 = 0. Calculate the remainder when d is divided by 12.
9
Let c = 2722 + -2646. Calculate the remainder when 114 is divided by c.
38
Suppose 230*t = 4453 + 4287. Calculate the remainder when 90 is divided by t.
14
Let z(y) = 482*y - 1218. What is the remainder when z(8) is divided by 30?
28
Let h(x) = -14*x + 47. Let j be h(3). Suppose 5*l - 205 = q, -4*l - 2*q = -j*l + 32. What is the remainder when 83 is divided by l?
41
Let p = -13716 + 14137. Calculate the remainder when p is divided by 202.
17
Suppose 50 = 4*u - 10. Calculate the remainder when u is divided by (4/18)/((-8)/(-12)*-15*(-6)/270).
0
Let t(z) = z**2 + 5*z**2 + 11*z - 5 - 2*z**2. Suppose j = 3*x + 13, 0*x - 5*j - 15 = x. What is the remainder when t(x) is divided by 15?
10
Let w(c) = c**3 + 32*c**2 - 141*c + 114. Calculate the remainder when w(-36) is divided by (-3 - (-4 - 1)) + 0.
0
Let x(i) = -2*i**3 - 138*i**2 - 3*i + 994. What is the remainder when 3606 is divided by x(-69)?
3
Let i(y) = -y**2 - 12*y + 26. What is the remainder when i(-8) is divided by (0 + 1/(-1))*(-38)/1?
20
Let q = -263 - -271. What is the remainder when -15 + 11 + (0 - -35) is divided by q?
7
Suppose -9*p - 6*p + 938 + 427 = 0. What is the remainder when 206 is divided by p?
24
Let j(y) = -y**3 + 31*y**2 - 198*y + 29. Calculate the remainder when 101 is divided by j(22).
14
Let h(c) = 4*c**3 - 2*c**2 + 2*c. Let s be h(1). Suppose 6*t - s*t + 3*f = 127, 0 = 5*f + 5. What is the remainder when t is divided by 14?
9
Let v = -7306 + 7379. Calculate the remainder when 276 is divided by v.
57
Suppose 3*c - 3*m = 4*c - 13, -5*c - m + 23 = 0. Suppose 0 = -0*o + c*o - 204. What is the remainder when o is divided by ((-12)/60)/((-3)/(-9)) - 68/(-5)?
12
Suppose 2*n = 3*n + 1. Let y(m) = -2*m**3 - 22*m**2 - 665*m - 7292. What is the remainder when y(-11) is divided by n/3 - 120/(-9)?
10
Suppose -56 = -7*r + 35 + 21. What is the remainder when 270 is divided by r?
14
Let i(k) = -k**2 - 8*k - 7. Let o be i(-7). Suppose -q - 2*w = o, -w = -4*q + w. Suppose -3*a + 38 + 31 = q. Calculate the remainder when a is divided by 13.
10
Let b be (-4320)/75 - 3/(-5). Let n = 63 + b. What is the remainder when (20*4/(-12))/((-2)/n) is divided by 7?
6
Let a = 12343 + -11058. What is the remainder when 3875 is divided by a?
20
Suppose -5*o = 0, -5*o = -4*n - 0*o - 24. Let j = -1 - n. Suppose 0 = 2*d + 5*w - 26, 20 = 5*d + j*w - 15. Calculate the remainder when 4 is divided by d.
1
Let f(c) = -9*c**2 - 51*c + 24. Suppose -2*a = -r + 59, 0*r + 3*a = -3*r + 168. What is the remainder when r is divided by f(-6)?
3
Let x(u) = u**2 + 7*u - 32. Let l be x(9). Suppose -l*i = -105*i - 70. What is the remainder when 16 is divided by i?
6
Let x = 6908 - 6499. Calculate the remainder when x is divided by 390.
19
Let v(u) = 3*u**2 - 1. Suppose 4*d + 72 = 2*c, -4*c = 5*d - 2*c + 90. What is the remainder when (-1 + -1)*387/d is divided by v(2)?
10
Suppose 4*x = 3*d - 2*d - 76, -5*d + 3*x = -465. Suppose d + 4 = 5*n. Let p = 191451 - 191372. Calculate the remainder when p is divided by n.
19
What is the remainder when 166 is divided by (130/(-15) + 10)/(4/336*1)?
54
Let k = 895 + -750. Calculate the remainder when k is divided by 47.
4
Let x be 621/115 - 6/(-10). Suppose 0 = 3*h - x, -3*p + 